culate the greatest common factor of 14320 and 60.
20
Calculate the greatest common factor of 744 and 27936.
24
What is the highest common divisor of 118842 and 116?
58
Calculate the highest common factor of 92260 and 20.
20
Calculate the greatest common factor of 100 and 230975.
25
What is the greatest common factor of 29696 and 24064?
512
What is the highest common divisor of 8587 and 1385?
277
What is the greatest common factor of 616 and 1337?
7
Calculate the greatest common factor of 525 and 25950.
75
Calculate the highest common divisor of 11341 and 22.
11
What is the greatest common divisor of 414052 and 68?
68
Calculate the greatest common divisor of 109888 and 25024.
1088
Calculate the highest common factor of 492 and 1353.
123
Calculate the highest common divisor of 1290 and 253872.
258
What is the greatest common factor of 80 and 80980?
20
What is the highest common divisor of 808372 and 244?
244
What is the greatest common factor of 6223 and 19177?
127
What is the greatest common factor of 1735 and 44763?
347
What is the greatest common factor of 311366 and 11?
11
What is the highest common factor of 323 and 158?
1
Calculate the highest common divisor of 1137 and 334657.
379
What is the highest common factor of 2980 and 5848250?
1490
What is the greatest common divisor of 13077 and 63?
9
What is the highest common factor of 391 and 93857?
17
Calculate the greatest common factor of 44160 and 552.
552
Calculate the greatest common factor of 309049 and 13.
13
Calculate the greatest common factor of 490 and 1167670.
490
What is the greatest common divisor of 496 and 75454?
62
What is the greatest common factor of 974365 and 410?
205
Calculate the highest common factor of 228 and 556548.
228
Calculate the greatest common divisor of 183647 and 4623.
67
Calculate the highest common divisor of 504072 and 30.
6
What is the greatest common divisor of 494 and 7486?
38
What is the highest common divisor of 5184 and 99?
9
Calculate the highest common factor of 2516 and 311614.
74
Calculate the greatest common divisor of 1794 and 390.
78
Calculate the greatest common divisor of 17420 and 12.
4
Calculate the greatest common factor of 33306 and 112.
14
What is the greatest common factor of 1440804 and 12?
12
What is the greatest common factor of 4 and 27614?
2
What is the highest common factor of 112 and 2604?
28
Calculate the highest common divisor of 96182 and 34.
2
What is the highest common divisor of 34587 and 41419?
427
Calculate the highest common factor of 6643 and 143.
13
Calculate the greatest common factor of 375 and 185175.
75
What is the highest common factor of 1136784 and 4752?
528
Calculate the greatest common divisor of 10736 and 1769.
61
What is the highest common factor of 575 and 1425?
25
Calculate the highest common divisor of 3186 and 4602.
354
Calculate the greatest common divisor of 19410 and 240.
30
Calculate the greatest common divisor of 154 and 85382.
22
What is the highest common factor of 260 and 2260?
20
Calculate the highest common divisor of 245 and 21331660.
245
What is the greatest common divisor of 475 and 5130?
95
Calculate the greatest common factor of 99 and 114.
3
Calculate the highest common divisor of 12 and 73209.
3
Calculate the highest common factor of 249 and 17513.
83
What is the greatest common divisor of 2394433 and 2074?
1037
What is the highest common factor of 586 and 379142?
586
What is the highest common factor of 498186 and 312?
78
What is the greatest common factor of 458 and 223733?
229
Calculate the greatest common factor of 358682 and 722.
38
What is the highest common factor of 5969 and 7849?
47
What is the highest common factor of 5 and 5214985?
5
What is the greatest common factor of 2725096 and 6920?
1384
Calculate the greatest common factor of 25 and 180365.
5
Calculate the highest common factor of 536 and 15678.
134
Calculate the highest common divisor of 13699 and 4123.
133
Calculate the greatest common factor of 176 and 18293.
11
Calculate the highest common factor of 166526 and 3074.
106
Calculate the highest common factor of 168989 and 2429.
347
Calculate the greatest common factor of 43493 and 4462.
23
What is the greatest common divisor of 21919 and 3197?
23
Calculate the greatest common divisor of 2217 and 81.
3
Calculate the highest common factor of 2112688 and 736.
368
What is the highest common divisor of 682067 and 151?
151
Calculate the greatest common divisor of 1634 and 51815.
43
Calculate the greatest common factor of 253704 and 396.
132
What is the greatest common divisor of 621536 and 16?
16
Calculate the greatest common factor of 176462 and 130.
26
Calculate the greatest common divisor of 7336270 and 890.
890
What is the highest common divisor of 1180038 and 102?
102
Calculate the greatest common factor of 1915 and 20.
5
What is the greatest common divisor of 242 and 166342?
22
What is the greatest common factor of 615 and 887035?
205
Calculate the greatest common divisor of 6 and 61338.
6
What is the greatest common divisor of 270 and 6945?
15
Calculate the greatest common divisor of 48578 and 13054.
214
Calculate the greatest common divisor of 128 and 15648.
32
Calculate the greatest common factor of 286560 and 1200.
240
Calculate the greatest common divisor of 2653 and 2303.
7
Calculate the greatest common divisor of 9595 and 2323.
101
Calculate the greatest common factor of 768 and 4071744.
192
What is the highest common factor of 72 and 15498?
18
What is the highest common divisor of 78 and 559968?
6
Calculate the highest common factor of 710 and 2290.
10
Calculate the highest common factor of 73488 and 300.
12
What is the highest common divisor of 1004 and 45682?
502
What is the highest common factor of 12 and 10232?
4
What is the highest common divisor of 1640 and 192800?
40
Calculate the greatest common factor of 1744694 and 133.
133
Calculate the highest common factor of 8589558 and 342.
114
What is the highest common divisor of 488 and 86536?
8
What is the highest common factor of 5546 and 7990?
94
What is the greatest common divisor of 290 and 87?
29
Calculate the greatest common factor of 46 and 71875.
23
What is the greatest common divisor of 15392178 and 201?
201
Calculate the greatest common factor of 2 and 7673.
1
Calculate the highest common factor of 450495 and 4473.
639
What is the highest common factor of 74140 and 160?
20
What is the greatest common divisor of 54498 and 37504?
586
Calculate the greatest common factor of 254858 and 366.
122
Calculate the highest common divisor of 3807 and 26884.
47
Calculate the greatest common factor of 1251136 and 452.
452
What is the greatest common factor of 3358009 and 9655?
1931
Calculate the highest common factor of 77541 and 81.
3
Calculate the greatest common factor of 350441 and 182.
91
Calculate the highest common factor of 78407 and 69.
23
Calculate the greatest common factor of 860 and 270341.
43
Calculate the greatest common factor of 127216 and 48.
16
Calculate the highest common divisor of 97606 and 2516.
74
What is the highest common divisor of 18074 and 1729?
7
Calculate the highest common divisor of 795715 and 215.
215
Calculate the greatest common divisor of 38335 and 369.
41
What is the highest common factor of 201 and 12?
3
What is the highest common divisor of 25 and 53225?
25
Calculate the highest common divisor of 59177 and 221.
17
Calculate the greatest common factor of 1652 and 5251.
59
Calculate the highest common divisor of 3510 and 159570.
270
Calculate the greatest common factor of 12 and 930324.
12
Calculate the highest common divisor of 351708 and 18444.
636
What is the greatest common divisor of 14 and 38545?
1
What is the greatest common factor of 79 and 131?
1
Calculate the greatest common factor of 66110 and 275.
55
Calculate the highest common divisor of 1412655 and 1845.
615
What is the greatest common divisor of 1196 and 7360?
92
What is the highest common factor of 3255 and 56265?
465
What is the highest common divisor of 8361 and 927?
9
Calculate the greatest common divisor of 120433 and 415.
83
Calculate the highest common divisor of 346 and 271956.
346
What is the greatest common factor of 91062 and 18?
18
What is the highest common factor of 25952 and 224?
32
Calc